-4714. Suppose -5420 = -5*l - 5*z, z - i + 6344 = 5*l. Is l prime?
False
Suppose -12*g - 2678 = -18254. Suppose 7*w + g = 5197. Is w a prime number?
True
Suppose -18*g + 371682 = -328176. Is g composite?
True
Suppose -44602152 = -89*i - 109*i - 3584274. Is i prime?
False
Let d(z) be the third derivative of -z**6/120 - 5*z**4/24 - 5*z**3/6 + z**2. Suppose 6*j - 2*j + 3 = -i, 5*i = -2*j - 33. Is d(i) a prime number?
True
Suppose 63*c = 69*c - 1644606. Is c prime?
False
Let l(s) = -8*s**3 - 29*s**2 - 7. Is l(-26) a prime number?
True
Let w(q) be the third derivative of 799*q**5/60 + q**4/24 + q**3/6 - 18*q**2 + 2*q. Suppose o = y - 2, -7*o = -3*o + 4*y - 24. Is w(o) a prime number?
False
Let a(k) be the third derivative of k**5/30 + k**4/24 - 22*k**2. Let f be a(2). Is (-158022)/(-45) + (-6)/f a prime number?
True
Suppose 265*w - 52685307 - 120442108 = 0. Is w a composite number?
False
Suppose -u = -3*y - 121861, -609377 = -5*u + 500*y - 497*y. Is u prime?
False
Let t(n) = -n**3 - 2*n**2 + 6*n + 10099. Is t(0) a composite number?
False
Let p be (7/14)/(2/12). Suppose -5*s = d, -3*s = p*d - 6*d - 36. Let n(h) = 8*h**2 + 11*h + 43. Is n(d) a composite number?
False
Let f = -32 - -35. Suppose 269 = -s + f*s - 5*d, -s + 136 = -3*d. Is s a prime number?
True
Let h be (-115225)/495 - (-2)/(-9). Let g = h - -580. Is g composite?
False
Suppose -17*l + 372 = -11*l. Let z(s) = -7*s**3 - 5*s**2 - 5*s - 3. Let a be z(-3). Suppose 0 = 58*j - l*j + a. Is j prime?
False
Suppose -8*b + 722222 = 213438. Suppose 7*m - 47107 = b. Is m prime?
False
Let m(n) = -7*n**3 - 2*n**2 + 3*n - 3. Suppose 0 = -3*x, -4*g - 4*x - 12 = -7*g. Suppose 2*j = -2*t - 15 - 1, t - 17 = g*j. Is m(t) prime?
False
Let g(x) = 880*x - 1985. Is g(4) prime?
False
Let n(x) = x**2 + 61*x - 143. Is n(126) a composite number?
True
Suppose 38*z - 34*z - 25328 = 0. Suppose z = -7*b + 31273. Is b composite?
True
Let z = -85431 - -182050. Is z a composite number?
True
Let l be ((-189)/28 + 7)*0. Suppose 3*q + 9 = -0, -u + 3*q + 6632 = l. Is u a composite number?
True
Suppose -3*h = 244*s - 240*s - 40954, 4*h - 40948 = -4*s. Is s composite?
False
Let l = 61478 + 22841. Suppose 9142 - l = -9*o. Is o composite?
False
Let i = -239 - -239. Suppose i = 3*t - 6461 - 2662. Is t composite?
False
Suppose 0 = 3*q - 4*m - 31, 5 = -3*q - 2*m - 3*m. Let b(f) = 78*f**2 + q - 3*f + 6*f - f - 3*f. Is b(4) a composite number?
False
Let o = -67658 + 100225. Is o a composite number?
True
Let l(a) = a**3 + 21*a**2 - 3*a + 16. Is l(-11) composite?
False
Suppose 2*y - 3*y + 6 = 0. Suppose y*z = 15*z - 28089. Suppose 4*c - 5*p - 2218 = 0, 4*c - 2*p - z = -897. Is c composite?
False
Suppose -4*h = n + h - 4797, -14451 = -3*n + 5*h. Suppose t - 4*o - n = o, 2*o - 24195 = -5*t. Is t a prime number?
False
Let x(b) = 14*b**2 - 9*b + 1. Let a(s) = -3*s**2 - 6*s + 3. Let d(n) = 13*n**2 + 24*n - 13. Let r(u) = -9*a(u) - 2*d(u). Let q be r(-7). Is x(q) prime?
False
Let m(s) = 7*s - 18. Suppose 2*q - f - 7 = 2, -4*q + 21 = -3*f. Let u be m(q). Suppose 4*i + 28 - 98 = -n, -i = u*n - 188. Is n composite?
True
Suppose -3*x = 4*q - 2*q - 4349, 2*q - 7243 = -5*x. Let y = x + -2191. Let w = 233 - y. Is w a prime number?
True
Let u(r) = 2*r**2 - 4*r + 8. Let d be u(3). Suppose 0*z + d*z = 219254. Is z a composite number?
False
Suppose 23 + 97 = 24*s. Suppose -s*l - 3*i = -3*l - 1067, 2184 = 4*l - 4*i. Is l a prime number?
True
Let u(s) = 3890*s**2 - 407*s + 2483. Is u(6) composite?
True
Let s = 400 + -462. Let r = s - -265. Is r a prime number?
False
Let y = 1610375 + -851698. Is y composite?
True
Suppose -12*j + 133 = -107. Suppose -m = j + 4927. Let l = m + 11380. Is l a prime number?
False
Is (-2 + -1)*(-1)/(-21) + (-49469970)/(-77) prime?
False
Suppose 0 = 46*h - 49*h + 5*m + 38527, 3*m = -4*h + 51350. Is h a composite number?
True
Let p(a) = -a**2 + 2. Let w(k) = -8*k**3 + 4*k**2 - 10*k + 12. Let n(o) = -3*p(o) - w(o). Is n(13) composite?
False
Let w be 12150 - (-1 + 0/(-8)). Suppose -18*s - 11*s = -w. Is s a prime number?
True
Let d(z) be the second derivative of 4*z**3/3 + 27*z**2 + 6*z - 5. Is d(25) prime?
False
Let v(t) = -5175*t + 56. Suppose -2*a = 5*j + 33, -4*a - 3 - 3 = -2*j. Is v(j) prime?
True
Let w(j) = 2*j**2 + 2*j - 5. Let c(k) = k**2 + 3*k - 20. Let r be c(-6). Let t be w(r). Is t/((-4)/1515) - 1/(-4) a prime number?
True
Is (3*161202/18)/(1 - 0) prime?
False
Suppose -175341 = -3*k + 70092. Is k a composite number?
True
Let g(b) = -b**3 + 27*b**2 - 8*b - 1. Let i be (12/(-4))/(3/(-2)) + 51. Let q = i + -41. Is g(q) composite?
False
Let h = -530369 - -759322. Is h a composite number?
False
Let f(r) = 13*r - 50. Let y be f(16). Suppose -y*b = -160*b + 37562. Is b a composite number?
True
Let v = -161 + 165. Suppose q + 25419 = c, -101670 = -4*c + 5*q - v*q. Is c a composite number?
True
Suppose 48*g = 64*g - 112. Suppose -g*o + m - 15064 = -8*o, 2*o - 4*m = 30110. Is o a prime number?
True
Suppose -149 - 442 = l + 5*c, 2*c = -4*l - 2382. Let r be (-1)/((4 - 2)/l). Let p = r - 81. Is p a prime number?
False
Suppose 3*i + 658743 = 3*p, p + 6*i - 9*i - 219587 = 0. Is p a prime number?
False
Let a(v) = 99*v**2 + 2*v + 5. Let b be a(-3). Suppose b = -13*l + 14*l. Suppose 0 = 2*s - y - l, 3*y - 2 = 2*y. Is s prime?
False
Let w(q) = -1601*q**3 + 11*q**2 - 2*q - 171. Is w(-8) a prime number?
False
Let l = -87 + 222. Is 1802 + l + -1*(-1 + 1) prime?
False
Suppose 5*j = 2*z - 15, -134*z + 137*z - 6 = 2*j. Suppose 0 = -3*q - z*q + 3*k + 84, -2*q + 4*k + 50 = 0. Is q composite?
False
Let z be ((-6)/24*2)/(1/284). Let i = z - -167. Is i a composite number?
True
Suppose 3*b + 0*b + 48623 = x, 145869 = 3*x - 4*b. Suppose -10594 = -3*c + x. Is c a prime number?
True
Is -5 + (20 - 27 - -2204925) a prime number?
False
Let d(y) = -27*y**3 - 14*y**2 - 5*y + 101. Is d(-12) a prime number?
False
Let z(r) = -r**2 - 48*r + 128. Let i be z(-47). Let u(w) = -w**3 - w**2 + w + 98. Let h be u(0). Let b = i - h. Is b composite?
True
Is ((-316226)/4)/(21/390 + (-14)/91) a composite number?
True
Suppose 5*z - 7 = u + 7, -5 = -5*u. Let c(n) = -253*n**2 - 3*n + 1. Let h(b) = -758*b**2 - 9*b + 2. Let p(a) = 11*c(a) - 4*h(a). Is p(z) prime?
False
Let g = 123 + -199. Is (1 - 69380/g) + (-20)/(-190) a composite number?
True
Let j(x) = -2194*x + 9. Let d be ((-4)/7)/((-34)/238). Suppose -6 = 3*o + 2*l + 5, 2*o - d*l - 14 = 0. Is j(o) composite?
False
Let s(l) = 4*l - 30. Let b be s(9). Let q be b - 9 - (1 + -6). Is (0 + q)/(-1) + 417 composite?
True
Let b(g) = -12*g**3 - 9*g**2 - 3*g - 13. Suppose 55 + 22 = -11*l. Is b(l) composite?
True
Let g = -8403 + 33192. Is g composite?
True
Suppose u - 45085 = -4*u. Let z = u - 3412. Suppose 13 = -5*y - 2, -3*y = -4*d + z. Is d composite?
False
Let a(t) = -27*t + 36. Let u be a(-4). Suppose -149*h + 15055 = -u*h. Is h a prime number?
True
Let h = 411452 - -47735. Is h composite?
True
Suppose -3*h = 2*h - 20, 4*v + 2*h = 8. Suppose -2*s = -v*s - 1814. Is s a composite number?
False
Let m(i) = i**3 + 4*i**2 + 2*i - 1. Let t be m(-5). Let a = 41 + t. Suppose -3*b - 5*p = -a*b + 133, 4*b - 4*p = 272. Is b composite?
True
Suppose -1344903253 = -567*h - 32*h - 42*h. Is h a prime number?
True
Is (0/2 + (-236790)/180)*(-68)/6 prime?
False
Let o = 290942 - -179660. Suppose 32*w = 54*w - o. Is w prime?
True
Is (-9)/(-45) - (3982182/(-15) + 2) composite?
True
Let m(q) = 5142*q**2 + 2*q + 3. Let j be m(-1). Suppose 5*p - 20572 = -4*z, j = -0*z + z + 3*p. Is z composite?
True
Let w(x) = 3*x**2 - 8*x - 3. Let n be w(-35). Let i = 6379 - n. Is i a prime number?
False
Suppose -2*c - 40 = 2*c. Let k(t) = -8*t + 1. Let x(u) = 37*u + 8. Let p(f) = -3*k(f) - x(f). Is p(c) prime?
False
Suppose -576 = 4*q + 3*s + 5692, 0 = 4*q - 5*s + 6236. Let z = q + 2453. Is z a prime number?
False
Suppose 307*g - 349*g = -6854442. Is g a prime number?
False
Suppose -2*p - 3*o + 6672 = 0, 0 = -10*p + 7*p + 5*o + 10027. Let y = p + -1682. Is y a prime number?
True
Suppose 4*q = -5*d + 53, 12*d + 19 = 2*q + 7*d. Let m be ((-6)/3)/(3/(-3450)). Suppose 4*y - m = -3*z + 535, -4*y = -q. Is z a prime number?
True
Let j be (-944)/(-6)*(-9)/(-2)*307. Suppose 428*y - j = 416*y. Is y a composite number?
True
Let d = 829 - 449. Suppose -5*x + 19725 = d. Is x a pr